{"id":5,"date":"2017-06-26T18:12:44","date_gmt":"2017-06-26T18:12:44","guid":{"rendered":"http:\/\/www2.unsa.edu.pe\/fip\/modelo\/?page_id=2"},"modified":"2021-11-03T08:25:51","modified_gmt":"2021-11-03T13:25:51","slug":"pagina-ejemplo-2-2","status":"publish","type":"page","link":"https:\/\/fpsrriicc.unsa.edu.pe\/relindustriales\/pagina-ejemplo-2-2\/","title":{"rendered":"Rese\u00f1a Hist\u00f3rica"},"content":{"rendered":"<ul>\n<li>En el a\u00f1o 1966 en la ciudad de Arequipa en La Universidad Nacional de San Agust\u00edn se crea la secci\u00f3n de Relaciones Industriales perteneciente al programa acad\u00e9mico de Derecho convirti\u00e9ndose en la pionera a nivel nacional.<\/li>\n<\/ul>\n<p>&nbsp;<\/p>\n<ul>\n<li>La profesi\u00f3n de Relaciones Industriales en el Per\u00fa, se inicia en la Universidad Nacional de San Agust\u00edn de Arequipa en el a\u00f1o de 1966 en la modalidad de Secci\u00f3n de Relaciones Industriales, anexo del Programa Acad\u00e9mico de Derecho, convirti\u00e9ndose de esta manera en la pionera a nivel nacional.<\/li>\n<\/ul>\n<p>&nbsp;<\/p>\n<ul>\n<li>El 27 de setiembre de 1974, mediante Resoluci\u00f3n Rectoral N\u00ba 077-74 es reconocida como Programa Acad\u00e9mico de Relaciones Industriales y P\u00fablicas, quedando as\u00ed establecida la fecha de aniversario.<\/li>\n<\/ul>\n<p>&nbsp;<\/p>\n<ul>\n<li>A partir de 1984 y en cumplimiento de la Ley Universitaria N\u00ba 23733, se cre\u00f3 la Facultad de Psicolog\u00eda, Relaciones Industriales y P\u00fablicas, de esta manera pasa a formar parte de dicha Facultad como Programa de estudio.<\/li>\n<\/ul>\n<p>&nbsp;<\/p>\n<ul>\n<li>En 1965, se inici\u00f3 la Reestructuraci\u00f3n Curricular de la Escuela, como consecuencia de ello en 1995 se crea el Programa de estudio de Ciencias de la Comunicaci\u00f3n y a partir de esa fecha nuestra Escuela funciona con la denominaci\u00f3n de Programa de estudio de Relaciones Industriales.<\/li>\n<\/ul>\n<p>&nbsp;<\/p>\n<ul>\n<li>Por otro lado, cabe resaltar que la profesi\u00f3n de Relaciones Industriales tiene su origen legal en la daci\u00f3n del Decreto Ley N\u00b0 14371 del 14 de enero de 1963 y su Reglamento el Decreto Supremo N\u00b0 005-63-TR del 23 de abril del mismo a\u00f1o.<\/li>\n<\/ul>\n<p>&nbsp;<\/p>\n<ul>\n<li>En 1997 se promulga la Ley N\u00b0 16910 del 30 de diciembre de 1997 con la que se crea el Colegio Profesional de Relaciones Industriales del Per\u00fa, actualmente estando bajo la conducci\u00f3n del Mg. Armando Alvarado Cerro.<\/li>\n<\/ul>\n<p>&nbsp;<\/p>\n<ul>\n<li>En cuanto al Colegio Profesional la Ley es 26910, y actualmente es el Colegio de Licenciados en Relaciones Industriales y Licenciados en Gesti\u00f3n de Recursos Humanos seg\u00fan Ley N\u00b0 29781.<\/li>\n<\/ul>\n","protected":false},"excerpt":{"rendered":"<p>En el a\u00f1o 1966 en la ciudad de Arequipa en La Universidad Nacional de San Agust\u00edn se crea la secci\u00f3n de Relaciones Industriales perteneciente al programa acad\u00e9mico de Derecho convirti\u00e9ndose en la pionera a nivel nacional. &nbsp; La profesi\u00f3n de Relaciones Industriales en el Per\u00fa, se inicia en la Universidad Nacional de San Agust\u00edn de [&hellip;]<\/p>\n","protected":false},"author":1,"featured_media":0,"parent":0,"menu_order":0,"comment_status":"closed","ping_status":"open","template":"","meta":{"_acf_changed":false,"footnotes":""},"class_list":["post-5","page","type-page","status-publish","hentry"],"acf":[],"_links":{"self":[{"href":"https:\/\/fpsrriicc.unsa.edu.pe\/relindustriales\/wp-json\/wp\/v2\/pages\/5","targetHints":{"allow":["GET"]}}],"collection":[{"href":"https:\/\/fpsrriicc.unsa.edu.pe\/relindustriales\/wp-json\/wp\/v2\/pages"}],"about":[{"href":"https:\/\/fpsrriicc.unsa.edu.pe\/relindustriales\/wp-json\/wp\/v2\/types\/page"}],"author":[{"embeddable":true,"href":"https:\/\/fpsrriicc.unsa.edu.pe\/relindustriales\/wp-json\/wp\/v2\/users\/1"}],"replies":[{"embeddable":true,"href":"https:\/\/fpsrriicc.unsa.edu.pe\/relindustriales\/wp-json\/wp\/v2\/comments?post=5"}],"version-history":[{"count":4,"href":"https:\/\/fpsrriicc.unsa.edu.pe\/relindustriales\/wp-json\/wp\/v2\/pages\/5\/revisions"}],"predecessor-version":[{"id":1441,"href":"https:\/\/fpsrriicc.unsa.edu.pe\/relindustriales\/wp-json\/wp\/v2\/pages\/5\/revisions\/1441"}],"wp:attachment":[{"href":"https:\/\/fpsrriicc.unsa.edu.pe\/relindustriales\/wp-json\/wp\/v2\/media?parent=5"}],"curies":[{"name":"wp","href":"https:\/\/api.w.org\/{rel}","templated":true}]}}