{"id":1093,"date":"2017-07-05T20:57:43","date_gmt":"2017-07-05T20:57:43","guid":{"rendered":"http:\/\/www2.unsa.edu.pe\/escuelas\/relindustriales\/?page_id=1093"},"modified":"2025-03-13T12:48:23","modified_gmt":"2025-03-13T17:48:23","slug":"perfil-del-egresado","status":"publish","type":"page","link":"https:\/\/fpsrriicc.unsa.edu.pe\/relindustriales\/perfil-del-egresado\/","title":{"rendered":"Perfil del Egresado"},"content":{"rendered":"<p>PROP\u00d3SITO DE LA CARRERA<br \/>\nEl programa de estudios de Relaciones Industriales, forma profesionales con competencias para la investigaci\u00f3n e innovaci\u00f3n, generando conocimiento cient\u00edfico, y gestionando la Administraci\u00f3n de Personas, para lograr los objetivos organizacionales en forma eficiente en las instituciones y entidades privadas y\/o p\u00fablicas, desde una perspectiva de desarrollo sostenible, con un enfoque de responsabilidad social.<\/p>\n<p>COMPETENCIAS<br \/>\nC1. Administra los procesos de gesti\u00f3n de recursos humanos para lograr los objetivos de la organizaci\u00f3n en base a la legislaci\u00f3n laboral vigente y los est\u00e1ndares de calidad.<br \/>\nC2. Administra los procesos de gesti\u00f3n de seguridad y salud en el trabajo para prevenir los riesgos laborales y corregir las incidencias presentadas basado en la legislaci\u00f3n vigente y normas internacionales<br \/>\nC3. Atiende los requerimientos y reclamos de los trabajadores, para lograr el bienestar laboral, seg\u00fan la legislaci\u00f3n vigente<br \/>\nC4. Gestiona las relaciones humanas en la organizaci\u00f3n, para lograr el bienestar del trabajador y su familia, basado en los est\u00e1ndares de satisfacci\u00f3n establecidos por la organizaci\u00f3n<br \/>\nC5. Establece los procesos de comunicaci\u00f3n organizacional para lograr la productividad, desde la responsabilidad.<br \/>\nC6. Lidera los procesos de cambio para lograr una cultura organizacional saludable, teniendo en consideraci\u00f3n el compromiso y cumplimiento de los valores institucionales.<br \/>\nC7. Aplica m\u00e9todos de investigaci\u00f3n b\u00e1sicos, para resolver problemas de recursos humanos, basado en los principios laborales.<\/p>\n","protected":false},"excerpt":{"rendered":"<p>PROP\u00d3SITO DE LA CARRERA El programa de estudios de Relaciones Industriales, forma profesionales con competencias para la investigaci\u00f3n e innovaci\u00f3n, generando conocimiento cient\u00edfico, y gestionando la Administraci\u00f3n de Personas, para lograr los objetivos organizacionales en forma eficiente en las instituciones y entidades privadas y\/o p\u00fablicas, desde una perspectiva de desarrollo sostenible, con un enfoque de [&hellip;]<\/p>\n","protected":false},"author":1,"featured_media":0,"parent":0,"menu_order":0,"comment_status":"closed","ping_status":"closed","template":"","meta":{"_acf_changed":false,"footnotes":""},"class_list":["post-1093","page","type-page","status-publish","hentry"],"acf":[],"_links":{"self":[{"href":"https:\/\/fpsrriicc.unsa.edu.pe\/relindustriales\/wp-json\/wp\/v2\/pages\/1093","targetHints":{"allow":["GET"]}}],"collection":[{"href":"https:\/\/fpsrriicc.unsa.edu.pe\/relindustriales\/wp-json\/wp\/v2\/pages"}],"about":[{"href":"https:\/\/fpsrriicc.unsa.edu.pe\/relindustriales\/wp-json\/wp\/v2\/types\/page"}],"author":[{"embeddable":true,"href":"https:\/\/fpsrriicc.unsa.edu.pe\/relindustriales\/wp-json\/wp\/v2\/users\/1"}],"replies":[{"embeddable":true,"href":"https:\/\/fpsrriicc.unsa.edu.pe\/relindustriales\/wp-json\/wp\/v2\/comments?post=1093"}],"version-history":[{"count":6,"href":"https:\/\/fpsrriicc.unsa.edu.pe\/relindustriales\/wp-json\/wp\/v2\/pages\/1093\/revisions"}],"predecessor-version":[{"id":1661,"href":"https:\/\/fpsrriicc.unsa.edu.pe\/relindustriales\/wp-json\/wp\/v2\/pages\/1093\/revisions\/1661"}],"wp:attachment":[{"href":"https:\/\/fpsrriicc.unsa.edu.pe\/relindustriales\/wp-json\/wp\/v2\/media?parent=1093"}],"curies":[{"name":"wp","href":"https:\/\/api.w.org\/{rel}","templated":true}]}}