{"id":1078,"date":"2017-07-05T20:23:19","date_gmt":"2017-07-05T20:23:19","guid":{"rendered":"http:\/\/www2.unsa.edu.pe\/escuelas\/relindustriales\/?page_id=1078"},"modified":"2025-05-26T10:58:54","modified_gmt":"2025-05-26T15:58:54","slug":"personal-docente","status":"publish","type":"page","link":"https:\/\/fpsrriicc.unsa.edu.pe\/relindustriales\/personal-docente\/","title":{"rendered":"Personal Docente"},"content":{"rendered":"<h3><strong>Personal docente que presta servicios a la escuela profesional<\/strong><\/h3>\n<ol>\n<li>YBARCENA DE CCOA, MARIA ELERIS<\/li>\n<li>SARAVIA DONGO, FREDY AURELIO<\/li>\n<li>GALARZA MINAYA,TITO SIMON BALTAZAR<\/li>\n<li>PURIZAGA LAOS, JOS\u00c9 LUIS<\/li>\n<li>GUILL\u00c9N C\u00c1CERES, JORGE<\/li>\n<li>EVANGELISTA ALIAGA, JOS\u00c9 LUIS<\/li>\n<li>VELARDE CANAZA, CESAR AUGUSTO<\/li>\n<li>ANCORI VILLEGAS,EDGAR ANGEL<\/li>\n<li>GONZALES LAGUNA, HENRY ANTONIO<\/li>\n<li>LAZO MANRIQUE, ALDO PAUL<\/li>\n<li>URDAY MANRIQUE, VICTOR GUILER<\/li>\n<li>UGARTE MEJIA, WENDY ANNE<\/li>\n<li>DEL CARPIO NEIRA, JESUS ALBERTO<\/li>\n<li>BELLIDO MEDINA, RILDO SANTOS<\/li>\n<li>RODRIGUEZ CARDENAS MARINA ESTHER<\/li>\n<li>OBANDO GUTIERREZ ANGELICA ALEJANDRINA<\/li>\n<li>ALDONATES MOLINA ALBERT JHON<\/li>\n<li>AMADO PINTO JAIME RAFAEL<\/li>\n<li>BERNEDO MALAGA , VICTOR WILLIAMS<\/li>\n<li>NEIRA DE LAZO LOURDES AURORA<\/li>\n<li>ESCOBAR NAVARRO LUIS ALBERTO<\/li>\n<li>BEJAR ZEA GLADYS GABY<\/li>\n<li>MARTINEZ MARTINEZ , ROXANA LINA<\/li>\n<li>BUSTAMANTE LOPEZ , ROSA DE LA LIBERTAD<\/li>\n<\/ol>\n","protected":false},"excerpt":{"rendered":"<p>Personal docente que presta servicios a la escuela profesional YBARCENA DE CCOA, MARIA ELERIS SARAVIA DONGO, FREDY AURELIO GALARZA MINAYA,TITO SIMON BALTAZAR PURIZAGA LAOS, JOS\u00c9 LUIS GUILL\u00c9N C\u00c1CERES, JORGE EVANGELISTA ALIAGA, JOS\u00c9 LUIS VELARDE CANAZA, CESAR AUGUSTO ANCORI VILLEGAS,EDGAR ANGEL GONZALES LAGUNA, HENRY ANTONIO LAZO MANRIQUE, ALDO PAUL URDAY MANRIQUE, VICTOR GUILER UGARTE MEJIA, WENDY [&hellip;]<\/p>\n","protected":false},"author":1,"featured_media":0,"parent":0,"menu_order":0,"comment_status":"closed","ping_status":"closed","template":"","meta":{"_acf_changed":false,"footnotes":""},"class_list":["post-1078","page","type-page","status-publish","hentry"],"acf":[],"_links":{"self":[{"href":"https:\/\/fpsrriicc.unsa.edu.pe\/relindustriales\/wp-json\/wp\/v2\/pages\/1078","targetHints":{"allow":["GET"]}}],"collection":[{"href":"https:\/\/fpsrriicc.unsa.edu.pe\/relindustriales\/wp-json\/wp\/v2\/pages"}],"about":[{"href":"https:\/\/fpsrriicc.unsa.edu.pe\/relindustriales\/wp-json\/wp\/v2\/types\/page"}],"author":[{"embeddable":true,"href":"https:\/\/fpsrriicc.unsa.edu.pe\/relindustriales\/wp-json\/wp\/v2\/users\/1"}],"replies":[{"embeddable":true,"href":"https:\/\/fpsrriicc.unsa.edu.pe\/relindustriales\/wp-json\/wp\/v2\/comments?post=1078"}],"version-history":[{"count":4,"href":"https:\/\/fpsrriicc.unsa.edu.pe\/relindustriales\/wp-json\/wp\/v2\/pages\/1078\/revisions"}],"predecessor-version":[{"id":1574,"href":"https:\/\/fpsrriicc.unsa.edu.pe\/relindustriales\/wp-json\/wp\/v2\/pages\/1078\/revisions\/1574"}],"wp:attachment":[{"href":"https:\/\/fpsrriicc.unsa.edu.pe\/relindustriales\/wp-json\/wp\/v2\/media?parent=1078"}],"curies":[{"name":"wp","href":"https:\/\/api.w.org\/{rel}","templated":true}]}}