{"id":944,"date":"2020-11-04T20:20:15","date_gmt":"2020-11-05T01:20:15","guid":{"rendered":"https:\/\/fpsrriicc.unsa.edu.pe\/psicologia\/?page_id=944"},"modified":"2020-11-04T20:28:17","modified_gmt":"2020-11-05T01:28:17","slug":"vision","status":"publish","type":"page","link":"https:\/\/fpsrriicc.unsa.edu.pe\/psicologia\/vision\/","title":{"rendered":"Visi\u00f3n"},"content":{"rendered":"<p>Ser una instituci\u00f3n acad\u00e9mica de calidad, que lidere la formaci\u00f3n integral de psic\u00f3logos que generen conocimientos e intervengan en la salud psicol\u00f3gica de la sociedad.<\/p>\n","protected":false},"excerpt":{"rendered":"<p>Ser una instituci\u00f3n acad\u00e9mica de calidad, que lidere la formaci\u00f3n integral de psic\u00f3logos que generen conocimientos e intervengan en la salud psicol\u00f3gica de la sociedad.<\/p>\n","protected":false},"author":3,"featured_media":0,"parent":0,"menu_order":0,"comment_status":"closed","ping_status":"closed","template":"","meta":{"_acf_changed":false,"footnotes":""},"class_list":["post-944","page","type-page","status-publish","hentry"],"acf":[],"_links":{"self":[{"href":"https:\/\/fpsrriicc.unsa.edu.pe\/psicologia\/wp-json\/wp\/v2\/pages\/944","targetHints":{"allow":["GET"]}}],"collection":[{"href":"https:\/\/fpsrriicc.unsa.edu.pe\/psicologia\/wp-json\/wp\/v2\/pages"}],"about":[{"href":"https:\/\/fpsrriicc.unsa.edu.pe\/psicologia\/wp-json\/wp\/v2\/types\/page"}],"author":[{"embeddable":true,"href":"https:\/\/fpsrriicc.unsa.edu.pe\/psicologia\/wp-json\/wp\/v2\/users\/3"}],"replies":[{"embeddable":true,"href":"https:\/\/fpsrriicc.unsa.edu.pe\/psicologia\/wp-json\/wp\/v2\/comments?post=944"}],"version-history":[{"count":4,"href":"https:\/\/fpsrriicc.unsa.edu.pe\/psicologia\/wp-json\/wp\/v2\/pages\/944\/revisions"}],"predecessor-version":[{"id":952,"href":"https:\/\/fpsrriicc.unsa.edu.pe\/psicologia\/wp-json\/wp\/v2\/pages\/944\/revisions\/952"}],"wp:attachment":[{"href":"https:\/\/fpsrriicc.unsa.edu.pe\/psicologia\/wp-json\/wp\/v2\/media?parent=944"}],"curies":[{"name":"wp","href":"https:\/\/api.w.org\/{rel}","templated":true}]}}