{"id":93,"date":"2017-07-04T20:25:10","date_gmt":"2017-07-04T20:25:10","guid":{"rendered":"http:\/\/www2.unsa.edu.pe\/escuelas\/psicologia\/?page_id=93"},"modified":"2018-07-11T09:42:16","modified_gmt":"2018-07-11T14:42:16","slug":"competencias-de-la-carrera","status":"publish","type":"page","link":"https:\/\/fpsrriicc.unsa.edu.pe\/psicologia\/competencias-de-la-carrera\/","title":{"rendered":"Competencias de la Carrera"},"content":{"rendered":"<p>Aplica conocimientos cient\u00edficos te\u00f3rico-pr\u00e1cticos, tecnol\u00f3gicos e investigativos para intervenir\u00a0 en\u00a0 la evaluaci\u00f3n, diagn\u00f3stico,\u00a0 promoci\u00f3n del desarrollo saludable\u00a0 de la personalidad; prevenci\u00f3n\u00a0 y tratamiento de alteraciones de la salud psicol\u00f3gica,\u00a0 evidenciando\u00a0 un comportamiento \u00e9tico,\u00a0 identificaci\u00f3n y sensibilidad social\u00a0 con los distintos sectores de la poblaci\u00f3n, con el cuidado del medio ambiente\u00a0\u00a0\u00a0 y un enfoque multi\u00a0 e interdisciplinario en los diferentes campos de acci\u00f3n profesional , Organizacional, cl\u00ednica, educativa y social<\/p>\n<h4><strong>Competencias Espec\u00edficas y de Especialidad<\/strong><\/h4>\n<ul>\n<li>Identifica los conocimientos para la formaci\u00f3n profesional del psic\u00f3logo, utilizando una metodolog\u00eda activa; con \u00e9tica y socialmente responsable en sus acciones.<\/li>\n<li>Aplica los conocimientos cient\u00edficos, procedimientos y t\u00e9cnicas desde el \u00e1mbito cl\u00ednico para mantener y recuperar la salud psicol\u00f3gica y calidad de vida con una visi\u00f3n \u00e9tica e integral.<\/li>\n<li>Interpreta los problemas de la realidad psicosocial para intervenir en su soluci\u00f3n, respetando las diferencias socioculturales.<\/li>\n<li>Interviene en la din\u00e1mica organizacional mediante la aplicaci\u00f3n de instrumentos y programas para su mejora con respeto a los valores humanos y objetivos organizacionales.<\/li>\n<li>Interviene en el contexto educativo, dise\u00f1ando estrategias metodol\u00f3gicas innovadoras para contribuir a la calidad educativa y formaci\u00f3n integral del estudiante con \u00e9tica, responsabilidad y compromiso.<\/li>\n<\/ul>\n","protected":false},"excerpt":{"rendered":"<p>Aplica conocimientos cient\u00edficos te\u00f3rico-pr\u00e1cticos, tecnol\u00f3gicos e investigativos para intervenir\u00a0 en\u00a0 la evaluaci\u00f3n, diagn\u00f3stico,\u00a0 promoci\u00f3n del desarrollo saludable\u00a0 de la personalidad; prevenci\u00f3n\u00a0 y tratamiento de alteraciones de la salud psicol\u00f3gica,\u00a0 evidenciando\u00a0 un comportamiento \u00e9tico,\u00a0 identificaci\u00f3n y sensibilidad social\u00a0 con los distintos sectores de la poblaci\u00f3n, con el cuidado del medio ambiente\u00a0\u00a0\u00a0 y un enfoque multi\u00a0 e [&hellip;]<\/p>\n","protected":false},"author":1,"featured_media":0,"parent":0,"menu_order":0,"comment_status":"closed","ping_status":"closed","template":"","meta":{"_acf_changed":false,"footnotes":""},"class_list":["post-93","page","type-page","status-publish","hentry"],"acf":[],"_links":{"self":[{"href":"https:\/\/fpsrriicc.unsa.edu.pe\/psicologia\/wp-json\/wp\/v2\/pages\/93","targetHints":{"allow":["GET"]}}],"collection":[{"href":"https:\/\/fpsrriicc.unsa.edu.pe\/psicologia\/wp-json\/wp\/v2\/pages"}],"about":[{"href":"https:\/\/fpsrriicc.unsa.edu.pe\/psicologia\/wp-json\/wp\/v2\/types\/page"}],"author":[{"embeddable":true,"href":"https:\/\/fpsrriicc.unsa.edu.pe\/psicologia\/wp-json\/wp\/v2\/users\/1"}],"replies":[{"embeddable":true,"href":"https:\/\/fpsrriicc.unsa.edu.pe\/psicologia\/wp-json\/wp\/v2\/comments?post=93"}],"version-history":[{"count":2,"href":"https:\/\/fpsrriicc.unsa.edu.pe\/psicologia\/wp-json\/wp\/v2\/pages\/93\/revisions"}],"predecessor-version":[{"id":527,"href":"https:\/\/fpsrriicc.unsa.edu.pe\/psicologia\/wp-json\/wp\/v2\/pages\/93\/revisions\/527"}],"wp:attachment":[{"href":"https:\/\/fpsrriicc.unsa.edu.pe\/psicologia\/wp-json\/wp\/v2\/media?parent=93"}],"curies":[{"name":"wp","href":"https:\/\/api.w.org\/{rel}","templated":true}]}}