{"id":74,"date":"2017-07-04T18:52:21","date_gmt":"2017-07-04T18:52:21","guid":{"rendered":"http:\/\/www2.unsa.edu.pe\/escuelas\/psicologia\/?page_id=74"},"modified":"2025-07-14T13:22:14","modified_gmt":"2025-07-14T18:22:14","slug":"personal-administrativo","status":"publish","type":"page","link":"https:\/\/fpsrriicc.unsa.edu.pe\/psicologia\/personal-administrativo\/","title":{"rendered":"Personal Administrativo"},"content":{"rendered":"<p>Personal Administrativo que presta servicio a la Escuela Profesional:<\/p>\n<dl>\n<dd>\n<table style=\"height: 265px\" width=\"498\" cellspacing=\"0\" cellpadding=\"4\">\n<tbody>\n<tr valign=\"top\">\n<td width=\"230\">\n<p style=\"text-align: left\" align=\"center\"><strong>Apellidos y Nombres<\/strong><\/p>\n<\/td>\n<td width=\"234\">\n<p style=\"text-align: left\" align=\"center\"><strong>Cargo<\/strong><\/p>\n<\/td>\n<\/tr>\n<tr valign=\"top\">\n<td width=\"230\">Alem\u00e1n Herrera Mar\u00eda Del Pilar<\/td>\n<td width=\"234\">Secretaria de Direcci\u00f3n de Escuela<\/td>\n<\/tr>\n<tr valign=\"top\">\n<td width=\"230\">S\u00e1nchez Yato, Flor de Mar\u00eda<\/td>\n<td width=\"234\">Secretaria de la Escuela<\/td>\n<\/tr>\n<tr valign=\"top\">\n<td width=\"230\">Mamani Mamani, Dami\u00e1n<\/td>\n<td width=\"234\">Lab. de Audiovisuales<\/td>\n<\/tr>\n<tr valign=\"top\">\n<td width=\"230\">Carpio Huerta, Wilfredo<\/td>\n<td width=\"234\">Conserje de la Escuela<\/td>\n<\/tr>\n<tr valign=\"top\">\n<td width=\"230\">Mestas Valdivia, Fernando<\/td>\n<td width=\"234\">Centro de c\u00f3mputo<\/td>\n<\/tr>\n<tr valign=\"top\">\n<td width=\"230\">Cruz Mallqui Mois\u00e9s Lorenzo<\/td>\n<td width=\"234\">Centro de c\u00f3mputo<\/td>\n<\/tr>\n<\/tbody>\n<\/table>\n<\/dd>\n<\/dl>\n<p>&nbsp;<\/p>\n<p><img loading=\"lazy\" decoding=\"async\" class=\"alignnone wp-image-1390\" src=\"https:\/\/fpsrriicc.unsa.edu.pe\/psicologia\/wp-content\/uploads\/sites\/2\/2025\/07\/20250701_110634-scaled.jpg\" alt=\"\" width=\"481\" height=\"234\" \/><\/p>\n<p><img loading=\"lazy\" decoding=\"async\" class=\"alignnone  wp-image-1506\" src=\"https:\/\/fpsrriicc.unsa.edu.pe\/psicologia\/wp-content\/uploads\/sites\/2\/2025\/07\/20250701_110805-scaled.jpg\" alt=\"\" width=\"479\" height=\"233\" srcset=\"https:\/\/fpsrriicc.unsa.edu.pe\/psicologia\/wp-content\/uploads\/sites\/2\/2025\/07\/20250701_110805-scaled.jpg 2560w, https:\/\/fpsrriicc.unsa.edu.pe\/psicologia\/wp-content\/uploads\/sites\/2\/2025\/07\/20250701_110805-768x373.jpg 768w, https:\/\/fpsrriicc.unsa.edu.pe\/psicologia\/wp-content\/uploads\/sites\/2\/2025\/07\/20250701_110805-1536x747.jpg 1536w, https:\/\/fpsrriicc.unsa.edu.pe\/psicologia\/wp-content\/uploads\/sites\/2\/2025\/07\/20250701_110805-2048x996.jpg 2048w\" sizes=\"auto, (max-width: 479px) 100vw, 479px\" \/><\/p>\n","protected":false},"excerpt":{"rendered":"<p>Personal Administrativo que presta servicio a la Escuela Profesional: Apellidos y Nombres Cargo Alem\u00e1n Herrera Mar\u00eda Del Pilar Secretaria de Direcci\u00f3n de Escuela S\u00e1nchez Yato, Flor de Mar\u00eda Secretaria de la Escuela Mamani Mamani, Dami\u00e1n Lab. de Audiovisuales Carpio Huerta, Wilfredo Conserje de la Escuela Mestas Valdivia, Fernando Centro de c\u00f3mputo Cruz Mallqui Mois\u00e9s Lorenzo [&hellip;]<\/p>\n","protected":false},"author":1,"featured_media":0,"parent":0,"menu_order":0,"comment_status":"closed","ping_status":"closed","template":"","meta":{"_acf_changed":false,"footnotes":""},"class_list":["post-74","page","type-page","status-publish","hentry"],"acf":[],"_links":{"self":[{"href":"https:\/\/fpsrriicc.unsa.edu.pe\/psicologia\/wp-json\/wp\/v2\/pages\/74","targetHints":{"allow":["GET"]}}],"collection":[{"href":"https:\/\/fpsrriicc.unsa.edu.pe\/psicologia\/wp-json\/wp\/v2\/pages"}],"about":[{"href":"https:\/\/fpsrriicc.unsa.edu.pe\/psicologia\/wp-json\/wp\/v2\/types\/page"}],"author":[{"embeddable":true,"href":"https:\/\/fpsrriicc.unsa.edu.pe\/psicologia\/wp-json\/wp\/v2\/users\/1"}],"replies":[{"embeddable":true,"href":"https:\/\/fpsrriicc.unsa.edu.pe\/psicologia\/wp-json\/wp\/v2\/comments?post=74"}],"version-history":[{"count":23,"href":"https:\/\/fpsrriicc.unsa.edu.pe\/psicologia\/wp-json\/wp\/v2\/pages\/74\/revisions"}],"predecessor-version":[{"id":1518,"href":"https:\/\/fpsrriicc.unsa.edu.pe\/psicologia\/wp-json\/wp\/v2\/pages\/74\/revisions\/1518"}],"wp:attachment":[{"href":"https:\/\/fpsrriicc.unsa.edu.pe\/psicologia\/wp-json\/wp\/v2\/media?parent=74"}],"curies":[{"name":"wp","href":"https:\/\/api.w.org\/{rel}","templated":true}]}}