{"id":713,"date":"2018-09-20T22:18:07","date_gmt":"2018-09-21T03:18:07","guid":{"rendered":"https:\/\/fpsrriicc.unsa.edu.pe\/psicologia\/?page_id=713"},"modified":"2025-07-13T18:30:01","modified_gmt":"2025-07-13T23:30:01","slug":"perfil-de-ingreso","status":"publish","type":"page","link":"https:\/\/fpsrriicc.unsa.edu.pe\/psicologia\/perfil-de-ingreso\/","title":{"rendered":"Perfil de Ingreso"},"content":{"rendered":"<p><strong>Plan curricular 2017<\/strong><\/p>\n<p>Posee conocimientos generales, de razonamiento verbal, razonamiento l\u00f3gico matem\u00e1tico e inter\u00e9s sobre la problem\u00e1tica social.<\/p>\n<p>&nbsp;<\/p>\n<p><strong>Plan Curricular 2025<\/strong><\/p>\n<p class=\"western\" lang=\"es-PE\" align=\"justify\">El ingresante a la Escuela Profesional de Psicolog\u00eda de la UNSA debe:<\/p>\n<ul>\n<li>\n<p class=\"western\" lang=\"es-PE\" align=\"justify\">Saber utilizar el razonamiento l\u00f3gico matem\u00e1tico, en la soluci\u00f3n de problemas y la interpretaci\u00f3n de la informaci\u00f3n adquirida;<\/p>\n<\/li>\n<li>\n<p class=\"western\" lang=\"es-PE\" align=\"justify\">Actuar con responsabilidad \u00e9tica y ciudadana siendo respetuoso de la diversidad cultural y dignidad de las personas;<\/p>\n<\/li>\n<li>\n<p class=\"western\" lang=\"es-PE\" align=\"justify\">Poder hacer uso de la comunicaci\u00f3n eficaz para transmitir sus ideas y pensamientos, de forma oral y escrita por distintos medios, incluyendo los proporcionados por las TICs;<\/p>\n<\/li>\n<li>\n<p class=\"western\" lang=\"es-PE\" align=\"justify\">Tener capacidades de trabajo en equipo con personas de diversas formaciones y pensamientos;<\/p>\n<\/li>\n<li>\n<p class=\"western\" lang=\"es-PE\" align=\"justify\">Poseer un pensamiento creativo, cr\u00edtico y reflexivo aplicado en la investigaci\u00f3n cient\u00edfica y en todo su quehacer acad\u00e9mico.<\/p>\n<\/li>\n<\/ul>\n","protected":false},"excerpt":{"rendered":"<p>Plan curricular 2017 Posee conocimientos generales, de razonamiento verbal, razonamiento l\u00f3gico matem\u00e1tico e inter\u00e9s sobre la problem\u00e1tica social. &nbsp; Plan Curricular 2025 El ingresante a la Escuela Profesional de Psicolog\u00eda de la UNSA debe: Saber utilizar el razonamiento l\u00f3gico matem\u00e1tico, en la soluci\u00f3n de problemas y la interpretaci\u00f3n de la informaci\u00f3n adquirida; Actuar con responsabilidad [&hellip;]<\/p>\n","protected":false},"author":4,"featured_media":0,"parent":0,"menu_order":0,"comment_status":"closed","ping_status":"closed","template":"","meta":{"_acf_changed":false,"footnotes":""},"class_list":["post-713","page","type-page","status-publish","hentry"],"acf":[],"_links":{"self":[{"href":"https:\/\/fpsrriicc.unsa.edu.pe\/psicologia\/wp-json\/wp\/v2\/pages\/713","targetHints":{"allow":["GET"]}}],"collection":[{"href":"https:\/\/fpsrriicc.unsa.edu.pe\/psicologia\/wp-json\/wp\/v2\/pages"}],"about":[{"href":"https:\/\/fpsrriicc.unsa.edu.pe\/psicologia\/wp-json\/wp\/v2\/types\/page"}],"author":[{"embeddable":true,"href":"https:\/\/fpsrriicc.unsa.edu.pe\/psicologia\/wp-json\/wp\/v2\/users\/4"}],"replies":[{"embeddable":true,"href":"https:\/\/fpsrriicc.unsa.edu.pe\/psicologia\/wp-json\/wp\/v2\/comments?post=713"}],"version-history":[{"count":12,"href":"https:\/\/fpsrriicc.unsa.edu.pe\/psicologia\/wp-json\/wp\/v2\/pages\/713\/revisions"}],"predecessor-version":[{"id":1432,"href":"https:\/\/fpsrriicc.unsa.edu.pe\/psicologia\/wp-json\/wp\/v2\/pages\/713\/revisions\/1432"}],"wp:attachment":[{"href":"https:\/\/fpsrriicc.unsa.edu.pe\/psicologia\/wp-json\/wp\/v2\/media?parent=713"}],"curies":[{"name":"wp","href":"https:\/\/api.w.org\/{rel}","templated":true}]}}