{"id":33,"date":"2017-07-03T19:18:35","date_gmt":"2017-07-03T19:18:35","guid":{"rendered":"http:\/\/www2.unsa.edu.pe\/escuelas\/psicologia\/?page_id=33"},"modified":"2026-01-26T16:16:05","modified_gmt":"2026-01-26T21:16:05","slug":"presentacion","status":"publish","type":"page","link":"https:\/\/fpsrriicc.unsa.edu.pe\/psicologia\/presentacion\/","title":{"rendered":"Presentaci\u00f3n"},"content":{"rendered":"<p>La Escuela Profesional de Psicolog\u00eda, desde el 07 de marzo de 1964, est\u00e1 al servicio de la poblaci\u00f3n arequipe\u00f1a y del sur de nuestro pa\u00eds para formar psic\u00f3logos profesionales. Actualmente tiene acreditaci\u00f3n internacional y cuenta con una nueva curr\u00edcula basada en un aprendizaje por competencias, la misma que busca no solamente estar a la altura de los tiempos que vivimos, sino a la vanguardia de los mismos, permiti\u00e9ndonos resolver los problemas que aquejan a nuestra sociedad.<\/p>\n<p>Es pionera y forjadora de muchas generaciones de psic\u00f3logos, invita a las nuevas generaciones que deseen participar en esta hermosa aventura intelectual, acad\u00e9mica y profesional, y que lideren la b\u00fasqueda de nuevos escenarios para el desarrollo del hombre.<\/p>\n<p>Los psic\u00f3logos no nacen psic\u00f3logos, los psic\u00f3logos se van haciendo, se van formando bajo la tutela y la orientaci\u00f3n de profesionales con solvencia cient\u00edfica, acad\u00e9mica y humana de la Escuela Profesional de Psicolog\u00eda de la Universidad Nacional de San Agust\u00edn.<\/p>\n<p>Una raz\u00f3n fundamental para estudiar psicolog\u00eda y ser psic\u00f3logo es querer ser psic\u00f3logo, es disfrutar de los conocimientos psicol\u00f3gicos en las aulas de nuestra Escuela y en los momentos libres.<\/p>\n<p>Eres nuestro invitado de honor.<\/p>\n<p style=\"text-align: center\"><a href=\"https:\/\/drive.google.com\/file\/d\/1TSBPVcVwYQTVGgBDWM8Pzu8nq2P2LsjO\/view\"><b>Video Institucional<\/b><\/a><\/p>\n<p><a href=\"https:\/\/drive.google.com\/file\/d\/1TSBPVcVwYQTVGgBDWM8Pzu8nq2P2LsjO\/view\"><img loading=\"lazy\" decoding=\"async\" class=\"wp-image-1509 aligncenter\" src=\"https:\/\/fpsrriicc.unsa.edu.pe\/psicologia\/wp-content\/uploads\/sites\/2\/2025\/07\/20250416_111940-1-scaled.jpg\" alt=\"\" width=\"580\" height=\"435\" srcset=\"https:\/\/fpsrriicc.unsa.edu.pe\/psicologia\/wp-content\/uploads\/sites\/2\/2025\/07\/20250416_111940-1-scaled.jpg 2560w, https:\/\/fpsrriicc.unsa.edu.pe\/psicologia\/wp-content\/uploads\/sites\/2\/2025\/07\/20250416_111940-1-88x67.jpg 88w, https:\/\/fpsrriicc.unsa.edu.pe\/psicologia\/wp-content\/uploads\/sites\/2\/2025\/07\/20250416_111940-1-768x576.jpg 768w, https:\/\/fpsrriicc.unsa.edu.pe\/psicologia\/wp-content\/uploads\/sites\/2\/2025\/07\/20250416_111940-1-1536x1152.jpg 1536w, https:\/\/fpsrriicc.unsa.edu.pe\/psicologia\/wp-content\/uploads\/sites\/2\/2025\/07\/20250416_111940-1-2048x1536.jpg 2048w\" sizes=\"auto, (max-width: 580px) 100vw, 580px\" \/><\/a><\/p>\n<p>&nbsp;<\/p>\n<p style=\"text-align: center\">Directora de la Escuela de Psicolog\u00eda<\/p>\n<p>&nbsp;<\/p>\n<p style=\"text-align: center\">Dra. Amparo Patricia Mendoza Beltr\u00e1n<\/p>\n<p>&nbsp;<\/p>\n<p style=\"text-align: center\"><strong>Acreditaci\u00f3n Internacional<\/strong><\/p>\n<p><img loading=\"lazy\" decoding=\"async\" class=\"wp-image-1540 size-full aligncenter\" src=\"https:\/\/fpsrriicc.unsa.edu.pe\/psicologia\/wp-content\/uploads\/sites\/2\/2025\/06\/Captura-desde-2025-09-27-22-59-28-1.png\" alt=\"\" width=\"401\" height=\"671\" \/><\/p>\n","protected":false},"excerpt":{"rendered":"<p>La Escuela Profesional de Psicolog\u00eda, desde el 07 de marzo de 1964, est\u00e1 al servicio de la poblaci\u00f3n arequipe\u00f1a y del sur de nuestro pa\u00eds para formar psic\u00f3logos profesionales. Actualmente tiene acreditaci\u00f3n internacional y cuenta con una nueva curr\u00edcula basada en un aprendizaje por competencias, la misma que busca no solamente estar a la altura [&hellip;]<\/p>\n","protected":false},"author":1,"featured_media":1198,"parent":0,"menu_order":0,"comment_status":"closed","ping_status":"closed","template":"","meta":{"_acf_changed":false,"footnotes":""},"class_list":["post-33","page","type-page","status-publish","has-post-thumbnail","hentry"],"acf":[],"_links":{"self":[{"href":"https:\/\/fpsrriicc.unsa.edu.pe\/psicologia\/wp-json\/wp\/v2\/pages\/33","targetHints":{"allow":["GET"]}}],"collection":[{"href":"https:\/\/fpsrriicc.unsa.edu.pe\/psicologia\/wp-json\/wp\/v2\/pages"}],"about":[{"href":"https:\/\/fpsrriicc.unsa.edu.pe\/psicologia\/wp-json\/wp\/v2\/types\/page"}],"author":[{"embeddable":true,"href":"https:\/\/fpsrriicc.unsa.edu.pe\/psicologia\/wp-json\/wp\/v2\/users\/1"}],"replies":[{"embeddable":true,"href":"https:\/\/fpsrriicc.unsa.edu.pe\/psicologia\/wp-json\/wp\/v2\/comments?post=33"}],"version-history":[{"count":33,"href":"https:\/\/fpsrriicc.unsa.edu.pe\/psicologia\/wp-json\/wp\/v2\/pages\/33\/revisions"}],"predecessor-version":[{"id":1566,"href":"https:\/\/fpsrriicc.unsa.edu.pe\/psicologia\/wp-json\/wp\/v2\/pages\/33\/revisions\/1566"}],"wp:featuredmedia":[{"embeddable":true,"href":"https:\/\/fpsrriicc.unsa.edu.pe\/psicologia\/wp-json\/wp\/v2\/media\/1198"}],"wp:attachment":[{"href":"https:\/\/fpsrriicc.unsa.edu.pe\/psicologia\/wp-json\/wp\/v2\/media?parent=33"}],"curies":[{"name":"wp","href":"https:\/\/api.w.org\/{rel}","templated":true}]}}