{"id":1285,"date":"2024-09-10T10:39:31","date_gmt":"2024-09-10T15:39:31","guid":{"rendered":"https:\/\/fpsrriicc.unsa.edu.pe\/psicologia\/?page_id=1285"},"modified":"2025-09-29T11:41:33","modified_gmt":"2025-09-29T16:41:33","slug":"procedimientos-sgc","status":"publish","type":"page","link":"https:\/\/fpsrriicc.unsa.edu.pe\/psicologia\/procedimientos-sgc\/","title":{"rendered":"Procedimientos SGC"},"content":{"rendered":"<h1><span style=\"color: #993300\">Procedimientos de Escuela<\/span><\/h1>\n<p><a href=\"https:\/\/fpsrriicc.unsa.edu.pe\/psicologia\/wp-content\/uploads\/sites\/2\/2024\/09\/1.-GESTION-DE-PLANES-DE-ESTUDIO.pdf\">1.- GESTI\u00d3N DE PLANES DE ESTUDIO<\/a><\/p>\n<p><a href=\"https:\/\/fpsrriicc.unsa.edu.pe\/psicologia\/wp-content\/uploads\/sites\/2\/2024\/09\/2.-GESTION-DE-PLANES-DE-FUNCIONAMIENTO.pdf\">2.- GESTI\u00d3N DE PLANES DE FUNCIONAMIENTO<\/a><\/p>\n<p><a href=\"https:\/\/fpsrriicc.unsa.edu.pe\/psicologia\/wp-content\/uploads\/sites\/2\/2024\/09\/3.-GESTION-DE-SILABO-SUMILLAS-BIBLIOGRAFIA-Y-PESOS-PONDERADOS.pdf\">3.- GESTI\u00d3N DE S\u00cdLABO, SUMILLAS, BIBLIOGRAFIA Y PESOS PONDERADOS<\/a><\/p>\n<p><a href=\"https:\/\/fpsrriicc.unsa.edu.pe\/psicologia\/wp-content\/uploads\/sites\/2\/2025\/09\/1.-Procedimiento-Registro-de-Convalidaciones.pdf\">4. &#8211; REGISTRO DE CONVALIDACIONES<\/a><\/p>\n<p><a href=\"https:\/\/fpsrriicc.unsa.edu.pe\/psicologia\/wp-content\/uploads\/sites\/2\/2024\/09\/7.-DESARROLLO-DE-LA-ENSENANZA-APRENDIZAJE.pdf\">7.- DESARROLLO DE LA ENSE\u00d1ANZA APRENDIZAJE<\/a><\/p>\n<p><a href=\"https:\/\/fpsrriicc.unsa.edu.pe\/psicologia\/wp-content\/uploads\/sites\/2\/2024\/09\/8.-CONTROL-DE-ASISTENCIA.pdf\">8.- CONTROL DE ASISTENCIA<\/a><\/p>\n<p><a href=\"https:\/\/fpsrriicc.unsa.edu.pe\/psicologia\/wp-content\/uploads\/sites\/2\/2024\/09\/9.-EVALUACION-Y-REGISTRO-DE-NOTAS.pdf\">9.- EVALUACI\u00d3N Y REGISTRO DE NOTAS<\/a><\/p>\n<p><a href=\"https:\/\/fpsrriicc.unsa.edu.pe\/psicologia\/wp-content\/uploads\/sites\/2\/2024\/09\/10.-MODIFICACION-DE-NOTAS-PARICIALES-Y-FINALES.pdf\">10.- MODIFICACI\u00d3N DE NOTAS PARICIALES Y FINALES<\/a><\/p>\n<p><a href=\"https:\/\/fpsrriicc.unsa.edu.pe\/psicologia\/wp-content\/uploads\/sites\/2\/2024\/09\/11.-EMISION-DE-ACTAS-DE-NOTAS.pdf\">11.- EMISI\u00d3N DE ACTAS DE NOTAS<\/a><\/p>\n<p><a href=\"https:\/\/fpsrriicc.unsa.edu.pe\/psicologia\/wp-content\/uploads\/sites\/2\/2024\/09\/12.-NIVELACION-DE-INGRESANTES.pdf\">12.- NIVELACI\u00d3N DE INGRESANTES<\/a><\/p>\n<p><a href=\"https:\/\/fpsrriicc.unsa.edu.pe\/psicologia\/wp-content\/uploads\/sites\/2\/2024\/09\/13.-TUTORIA-ACADEMICA.pdf\">13.- TUTORIA ACAD\u00c9MICA<\/a><\/p>\n<hr \/>\n<h1><span style=\"color: #993300\">Procedimientos del Departamento Acad\u00e9mico<\/span><\/h1>\n<p><a href=\"https:\/\/fpsrriicc.unsa.edu.pe\/psicologia\/wp-content\/uploads\/sites\/2\/2024\/09\/5.-DETERMINACION-DE-LA-LABOR-LECTIVA-Y-NO-LECTIVA.pdf\">5.- DETERMINACI\u00d3N DE LA LABOR LECTIVA Y NO LECTIVA<\/a><\/p>\n<p><a href=\"https:\/\/fpsrriicc.unsa.edu.pe\/psicologia\/wp-content\/uploads\/sites\/2\/2024\/09\/6.-GESTION-DE-CAPACITACION-DOCENTE-ESPECIALIZADA.pdf\">6.- GESTI\u00d3N DE CAPACITACI\u00d3N DOCENTE ESPECIALIZADA<\/a><\/p>\n","protected":false},"excerpt":{"rendered":"<p>Procedimientos de Escuela 1.- GESTI\u00d3N DE PLANES DE ESTUDIO 2.- GESTI\u00d3N DE PLANES DE FUNCIONAMIENTO 3.- GESTI\u00d3N DE S\u00cdLABO, SUMILLAS, BIBLIOGRAFIA Y PESOS PONDERADOS 4. &#8211; REGISTRO DE CONVALIDACIONES 7.- DESARROLLO DE LA ENSE\u00d1ANZA APRENDIZAJE 8.- CONTROL DE ASISTENCIA 9.- EVALUACI\u00d3N Y REGISTRO DE NOTAS 10.- MODIFICACI\u00d3N DE NOTAS PARICIALES Y FINALES 11.- EMISI\u00d3N DE [&hellip;]<\/p>\n","protected":false},"author":4,"featured_media":0,"parent":0,"menu_order":0,"comment_status":"closed","ping_status":"closed","template":"","meta":{"_acf_changed":false,"footnotes":""},"class_list":["post-1285","page","type-page","status-publish","hentry"],"acf":[],"_links":{"self":[{"href":"https:\/\/fpsrriicc.unsa.edu.pe\/psicologia\/wp-json\/wp\/v2\/pages\/1285","targetHints":{"allow":["GET"]}}],"collection":[{"href":"https:\/\/fpsrriicc.unsa.edu.pe\/psicologia\/wp-json\/wp\/v2\/pages"}],"about":[{"href":"https:\/\/fpsrriicc.unsa.edu.pe\/psicologia\/wp-json\/wp\/v2\/types\/page"}],"author":[{"embeddable":true,"href":"https:\/\/fpsrriicc.unsa.edu.pe\/psicologia\/wp-json\/wp\/v2\/users\/4"}],"replies":[{"embeddable":true,"href":"https:\/\/fpsrriicc.unsa.edu.pe\/psicologia\/wp-json\/wp\/v2\/comments?post=1285"}],"version-history":[{"count":7,"href":"https:\/\/fpsrriicc.unsa.edu.pe\/psicologia\/wp-json\/wp\/v2\/pages\/1285\/revisions"}],"predecessor-version":[{"id":1552,"href":"https:\/\/fpsrriicc.unsa.edu.pe\/psicologia\/wp-json\/wp\/v2\/pages\/1285\/revisions\/1552"}],"wp:attachment":[{"href":"https:\/\/fpsrriicc.unsa.edu.pe\/psicologia\/wp-json\/wp\/v2\/media?parent=1285"}],"curies":[{"name":"wp","href":"https:\/\/api.w.org\/{rel}","templated":true}]}}