{"id":1062,"date":"2021-07-13T12:27:34","date_gmt":"2021-07-13T17:27:34","guid":{"rendered":"https:\/\/fpsrriicc.unsa.edu.pe\/psicologia\/?page_id=1062"},"modified":"2025-07-13T19:52:14","modified_gmt":"2025-07-14T00:52:14","slug":"objetivos-educacionales","status":"publish","type":"page","link":"https:\/\/fpsrriicc.unsa.edu.pe\/psicologia\/objetivos-educacionales\/","title":{"rendered":"Objetivos Educacionales"},"content":{"rendered":"<p><strong>Plan de estudios 2017<\/strong><\/p>\n<p>Se espera que el egresado del Programa Profesional de Psicolog\u00eda logre los siguientes objetivos educacionales, a los dos a\u00f1os despu\u00e9s de graduarse:<\/p>\n<p>01. Aplicar los conocimientos de la psicolog\u00eda con la finalidad de desarrollar acciones preventivo \u2013 promocionales, partiendo de la evaluaci\u00f3n, diagn\u00f3stico y de tratamiento para la recuperaci\u00f3n de la salud psicol\u00f3gica.<\/p>\n<p>02. Conocer los comportamientos que se dan en las organizaciones para la intervenci\u00f3n psicol\u00f3gica, con la finalidad de lograr un desarrollo personal, grupal y organizacional.<\/p>\n<p>03. Analizar la realidad psicosocial con el fin de dise\u00f1ar y aplicar los proyectos de prevenci\u00f3n y promoci\u00f3n de salud psicol\u00f3gica.<\/p>\n<p>04. Aplicar conocimientos, procedimientos, t\u00e9cnicas y estrategias psicol\u00f3gicas que contribuyan a la calidad educativa en el marco de la educaci\u00f3n peruana.<\/p>\n<p>05. Aplicar las teor\u00edas, m\u00e9todos y procedimientos del conocimiento cient\u00edfico, con un enfoque multi e\u00a0 interdisciplinario en el ejercicio profesional del Psic\u00f3logo.<\/p>\n<p>&nbsp;<\/p>\n<p><strong>Plan de estudios 2025<\/strong><\/p>\n<ul>\n<li>\n<p class=\"western\" lang=\"es-PE\" align=\"justify\"><span style=\"color: #000000\">Demuestra un aprendizaje continuo con s\u00f3lida formaci\u00f3n en habilidades y capacidades de investigaci\u00f3n.<\/span><\/p>\n<\/li>\n<li>\n<p class=\"western\" lang=\"es-PE\" align=\"justify\"><span style=\"color: #000000\">Demuestra habilidades de liderazgo, trabajo en equipo y comunicaci\u00f3n en el desarrollo de sus actividades acad\u00e9micas y profesionales.<\/span><\/p>\n<\/li>\n<li>\n<p class=\"western\" lang=\"es-PE\" align=\"justify\"><span style=\"color: #000000\">Propone acciones de innovaci\u00f3n y emprendimiento para el desarrollo social y de la disciplina, con compromiso social y \u00e9tica.<\/span><\/p>\n<\/li>\n<li>\n<p class=\"western\" lang=\"es-PE\" align=\"justify\"><span style=\"color: #000000\">Aplica conocimientos cient\u00edficos en la promoci\u00f3n, prevenci\u00f3n, evaluaci\u00f3n, diagn\u00f3stico e intervenci\u00f3n psicol\u00f3gica con fundamento epistemol\u00f3gico y metodol\u00f3gico pertinente.<\/span><\/p>\n<\/li>\n<\/ul>\n","protected":false},"excerpt":{"rendered":"<p>Plan de estudios 2017 Se espera que el egresado del Programa Profesional de Psicolog\u00eda logre los siguientes objetivos educacionales, a los dos a\u00f1os despu\u00e9s de graduarse: 01. Aplicar los conocimientos de la psicolog\u00eda con la finalidad de desarrollar acciones preventivo \u2013 promocionales, partiendo de la evaluaci\u00f3n, diagn\u00f3stico y de tratamiento para la recuperaci\u00f3n de la [&hellip;]<\/p>\n","protected":false},"author":4,"featured_media":0,"parent":0,"menu_order":0,"comment_status":"closed","ping_status":"closed","template":"","meta":{"_acf_changed":false,"footnotes":""},"class_list":["post-1062","page","type-page","status-publish","hentry"],"acf":[],"_links":{"self":[{"href":"https:\/\/fpsrriicc.unsa.edu.pe\/psicologia\/wp-json\/wp\/v2\/pages\/1062","targetHints":{"allow":["GET"]}}],"collection":[{"href":"https:\/\/fpsrriicc.unsa.edu.pe\/psicologia\/wp-json\/wp\/v2\/pages"}],"about":[{"href":"https:\/\/fpsrriicc.unsa.edu.pe\/psicologia\/wp-json\/wp\/v2\/types\/page"}],"author":[{"embeddable":true,"href":"https:\/\/fpsrriicc.unsa.edu.pe\/psicologia\/wp-json\/wp\/v2\/users\/4"}],"replies":[{"embeddable":true,"href":"https:\/\/fpsrriicc.unsa.edu.pe\/psicologia\/wp-json\/wp\/v2\/comments?post=1062"}],"version-history":[{"count":6,"href":"https:\/\/fpsrriicc.unsa.edu.pe\/psicologia\/wp-json\/wp\/v2\/pages\/1062\/revisions"}],"predecessor-version":[{"id":1453,"href":"https:\/\/fpsrriicc.unsa.edu.pe\/psicologia\/wp-json\/wp\/v2\/pages\/1062\/revisions\/1453"}],"wp:attachment":[{"href":"https:\/\/fpsrriicc.unsa.edu.pe\/psicologia\/wp-json\/wp\/v2\/media?parent=1062"}],"curies":[{"name":"wp","href":"https:\/\/api.w.org\/{rel}","templated":true}]}}