{"id":1860,"date":"2021-11-20T00:32:40","date_gmt":"2021-11-20T05:32:40","guid":{"rendered":"https:\/\/fpsrriicc.unsa.edu.pe\/ciecomunicacion\/?page_id=1860"},"modified":"2025-06-20T17:52:18","modified_gmt":"2025-06-20T22:52:18","slug":"publicaciones","status":"publish","type":"page","link":"https:\/\/fpsrriicc.unsa.edu.pe\/ciecomunicacion\/publicaciones\/","title":{"rendered":"PUBLICACIONES"},"content":{"rendered":"<h1 style=\"text-align: left\"><div class=\"cua-gra\">EDICI\u00d3N RECIENTE<\/h1>\n<p><a href=\"https:\/\/drive.google.com\/file\/d\/1F_zyQ4U056dGutLhSVrB3inwyUn0VB2x\/view?usp=sharing\"><img loading=\"lazy\" decoding=\"async\" class=\"hidden-xs size-medium wp-image-2110 alignleft\" src=\"https:\/\/fpsrriicc.unsa.edu.pe\/ciecomunicacion\/wp-content\/uploads\/sites\/4\/2025\/06\/505361034_1207373388066021_6265310656720823004_n-360x203.jpg\" alt=\"\" width=\"360\" height=\"203\" \/><\/a><\/div><\/p>\n<p>&nbsp;<\/p>\n<h1 style=\"text-align: center\"><div class=\"cua-gri\">BOLETIN &#8211; ARCHIVO 2024<\/h1>\n<div id=\"attachment_2078\" style=\"width: 370px\" class=\"wp-caption aligncenter\"><a href=\"https:\/\/drive.google.com\/drive\/folders\/1hkQe0hH-gztrfWTd54K6MSXaS20nTXJo?usp=sharing\"><img loading=\"lazy\" decoding=\"async\" aria-describedby=\"caption-attachment-2078\" class=\"hidden-xs size-medium wp-image-2078\" src=\"https:\/\/fpsrriicc.unsa.edu.pe\/ciecomunicacion\/wp-content\/uploads\/sites\/4\/2025\/06\/488928305_1154707609999266_4903598641069613728_n-1-e1750452286602-360x203.jpg\" alt=\"\" width=\"360\" height=\"203\" \/><\/a><p id=\"caption-attachment-2078\" class=\"wp-caption-text\">BOLET\u00cdN INFORMATIVO &#8211; EDICI\u00d3N 01 (A\u00d1O 01)<\/p><\/div>\n<p><\/div><\/p>\n","protected":false},"excerpt":{"rendered":"<p>&nbsp;<\/p>\n","protected":false},"author":7,"featured_media":0,"parent":0,"menu_order":0,"comment_status":"closed","ping_status":"closed","template":"","meta":{"_acf_changed":false,"footnotes":""},"class_list":["post-1860","page","type-page","status-publish","hentry"],"acf":[],"_links":{"self":[{"href":"https:\/\/fpsrriicc.unsa.edu.pe\/ciecomunicacion\/wp-json\/wp\/v2\/pages\/1860","targetHints":{"allow":["GET"]}}],"collection":[{"href":"https:\/\/fpsrriicc.unsa.edu.pe\/ciecomunicacion\/wp-json\/wp\/v2\/pages"}],"about":[{"href":"https:\/\/fpsrriicc.unsa.edu.pe\/ciecomunicacion\/wp-json\/wp\/v2\/types\/page"}],"author":[{"embeddable":true,"href":"https:\/\/fpsrriicc.unsa.edu.pe\/ciecomunicacion\/wp-json\/wp\/v2\/users\/7"}],"replies":[{"embeddable":true,"href":"https:\/\/fpsrriicc.unsa.edu.pe\/ciecomunicacion\/wp-json\/wp\/v2\/comments?post=1860"}],"version-history":[{"count":37,"href":"https:\/\/fpsrriicc.unsa.edu.pe\/ciecomunicacion\/wp-json\/wp\/v2\/pages\/1860\/revisions"}],"predecessor-version":[{"id":2077,"href":"https:\/\/fpsrriicc.unsa.edu.pe\/ciecomunicacion\/wp-json\/wp\/v2\/pages\/1860\/revisions\/2077"}],"wp:attachment":[{"href":"https:\/\/fpsrriicc.unsa.edu.pe\/ciecomunicacion\/wp-json\/wp\/v2\/media?parent=1860"}],"curies":[{"name":"wp","href":"https:\/\/api.w.org\/{rel}","templated":true}]}}