{"id":1652,"date":"2019-02-27T12:46:20","date_gmt":"2019-02-27T17:46:20","guid":{"rendered":"https:\/\/fpsrriicc.unsa.edu.pe\/ciecomunicacion\/?page_id=1652"},"modified":"2025-06-19T13:35:22","modified_gmt":"2025-06-19T18:35:22","slug":"perfil-del-egresado-especialidad-de-relaciones-publicas","status":"publish","type":"page","link":"https:\/\/fpsrriicc.unsa.edu.pe\/ciecomunicacion\/perfil-del-egresado-especialidad-de-relaciones-publicas\/","title":{"rendered":"Perfil de Ingreso del  Programa de Relaciones P\u00fablicas"},"content":{"rendered":"<ul>\n<li>Aplica el pensamiento l\u00f3gico-racional utilizando operaciones matem\u00e1ticas b\u00e1sicas.<\/li>\n<li>Tiene dominio de la comprensi\u00f3n lectora.<\/li>\n<li>Considera el uso correcto de la gram\u00e1tica, sintaxis y ortograf\u00eda. Tiene conocimientos del discurso oral y lenguaje audiovisual.<\/li>\n<li>Comprende, analiza y eval\u00faa informaci\u00f3n obtenida de textos escritos, tomando en consideraci\u00f3n el contexto organizacional o situaci\u00f3n en los que fueron producidos.<\/li>\n<li>Conoce la realidad local, nacional e internacional.<\/li>\n<li>Analiza y comprende a los diversos p\u00fablicos en el entorno geogr\u00e1fico para aplicarlo en el campo organizacional.<\/li>\n<li>Conoce los derechos humanos y la responsabilidad ciudadana.<\/li>\n<li>Conoce el sistema econ\u00f3mico del Per\u00fa y la econom\u00eda global.<\/li>\n<\/ul>\n","protected":false},"excerpt":{"rendered":"<p>Aplica el pensamiento l\u00f3gico-racional utilizando operaciones matem\u00e1ticas b\u00e1sicas. Tiene dominio de la comprensi\u00f3n lectora. Considera el uso correcto de la gram\u00e1tica, sintaxis y ortograf\u00eda. Tiene conocimientos del discurso oral y lenguaje audiovisual. Comprende, analiza y eval\u00faa informaci\u00f3n obtenida de textos escritos, tomando en consideraci\u00f3n el contexto organizacional o situaci\u00f3n en los que fueron producidos. Conoce [&hellip;]<\/p>\n","protected":false},"author":1,"featured_media":1835,"parent":0,"menu_order":0,"comment_status":"closed","ping_status":"closed","template":"","meta":{"_acf_changed":false,"footnotes":""},"class_list":["post-1652","page","type-page","status-publish","has-post-thumbnail","hentry"],"acf":[],"_links":{"self":[{"href":"https:\/\/fpsrriicc.unsa.edu.pe\/ciecomunicacion\/wp-json\/wp\/v2\/pages\/1652","targetHints":{"allow":["GET"]}}],"collection":[{"href":"https:\/\/fpsrriicc.unsa.edu.pe\/ciecomunicacion\/wp-json\/wp\/v2\/pages"}],"about":[{"href":"https:\/\/fpsrriicc.unsa.edu.pe\/ciecomunicacion\/wp-json\/wp\/v2\/types\/page"}],"author":[{"embeddable":true,"href":"https:\/\/fpsrriicc.unsa.edu.pe\/ciecomunicacion\/wp-json\/wp\/v2\/users\/1"}],"replies":[{"embeddable":true,"href":"https:\/\/fpsrriicc.unsa.edu.pe\/ciecomunicacion\/wp-json\/wp\/v2\/comments?post=1652"}],"version-history":[{"count":11,"href":"https:\/\/fpsrriicc.unsa.edu.pe\/ciecomunicacion\/wp-json\/wp\/v2\/pages\/1652\/revisions"}],"predecessor-version":[{"id":2058,"href":"https:\/\/fpsrriicc.unsa.edu.pe\/ciecomunicacion\/wp-json\/wp\/v2\/pages\/1652\/revisions\/2058"}],"wp:featuredmedia":[{"embeddable":true,"href":"https:\/\/fpsrriicc.unsa.edu.pe\/ciecomunicacion\/wp-json\/wp\/v2\/media\/1835"}],"wp:attachment":[{"href":"https:\/\/fpsrriicc.unsa.edu.pe\/ciecomunicacion\/wp-json\/wp\/v2\/media?parent=1652"}],"curies":[{"name":"wp","href":"https:\/\/api.w.org\/{rel}","templated":true}]}}