{"id":1071,"date":"2017-07-07T15:21:06","date_gmt":"2017-07-07T15:21:06","guid":{"rendered":"http:\/\/www2.unsa.edu.pe\/escuelas\/ciecomunicacion\/?page_id=1071"},"modified":"2021-11-19T23:33:32","modified_gmt":"2021-11-20T04:33:32","slug":"campo-ocupacional","status":"publish","type":"page","link":"https:\/\/fpsrriicc.unsa.edu.pe\/ciecomunicacion\/campo-ocupacional\/","title":{"rendered":"Campo Ocupacional Periodismo"},"content":{"rendered":"<p>Se podr\u00e1 desempe\u00f1ar en cualquier medio de comunicaci\u00f3n local, regional, nacional e internacional y en agencias de noticias, instituciones de gobierno y desarrollo local, organismos regionales, as\u00ed como en instituciones culturales y educativas. Estar\u00e1 capacitado para elaborar reportajes y documentales en cualquier medio de comunicaci\u00f3n masiva, ser jefe de prensa o editor de un diario, director de un programa period\u00edstico, tanto en radio, televisi\u00f3n y plataformas digitales, Adem\u00e1s, tendr\u00e1 la capacidad gerencial para formar su propia empresa.<\/p>\n","protected":false},"excerpt":{"rendered":"<p>Se podr\u00e1 desempe\u00f1ar en cualquier medio de comunicaci\u00f3n local, regional, nacional e internacional y en agencias de noticias, instituciones de gobierno y desarrollo local, organismos regionales, as\u00ed como en instituciones culturales y educativas. Estar\u00e1 capacitado para elaborar reportajes y documentales en cualquier medio de comunicaci\u00f3n masiva, ser jefe de prensa o editor de un diario, [&hellip;]<\/p>\n","protected":false},"author":1,"featured_media":1824,"parent":0,"menu_order":0,"comment_status":"closed","ping_status":"closed","template":"","meta":{"_acf_changed":false,"footnotes":""},"class_list":["post-1071","page","type-page","status-publish","has-post-thumbnail","hentry"],"acf":[],"_links":{"self":[{"href":"https:\/\/fpsrriicc.unsa.edu.pe\/ciecomunicacion\/wp-json\/wp\/v2\/pages\/1071","targetHints":{"allow":["GET"]}}],"collection":[{"href":"https:\/\/fpsrriicc.unsa.edu.pe\/ciecomunicacion\/wp-json\/wp\/v2\/pages"}],"about":[{"href":"https:\/\/fpsrriicc.unsa.edu.pe\/ciecomunicacion\/wp-json\/wp\/v2\/types\/page"}],"author":[{"embeddable":true,"href":"https:\/\/fpsrriicc.unsa.edu.pe\/ciecomunicacion\/wp-json\/wp\/v2\/users\/1"}],"replies":[{"embeddable":true,"href":"https:\/\/fpsrriicc.unsa.edu.pe\/ciecomunicacion\/wp-json\/wp\/v2\/comments?post=1071"}],"version-history":[{"count":4,"href":"https:\/\/fpsrriicc.unsa.edu.pe\/ciecomunicacion\/wp-json\/wp\/v2\/pages\/1071\/revisions"}],"predecessor-version":[{"id":1826,"href":"https:\/\/fpsrriicc.unsa.edu.pe\/ciecomunicacion\/wp-json\/wp\/v2\/pages\/1071\/revisions\/1826"}],"wp:featuredmedia":[{"embeddable":true,"href":"https:\/\/fpsrriicc.unsa.edu.pe\/ciecomunicacion\/wp-json\/wp\/v2\/media\/1824"}],"wp:attachment":[{"href":"https:\/\/fpsrriicc.unsa.edu.pe\/ciecomunicacion\/wp-json\/wp\/v2\/media?parent=1071"}],"curies":[{"name":"wp","href":"https:\/\/api.w.org\/{rel}","templated":true}]}}