{"id":1067,"date":"2017-07-07T14:54:20","date_gmt":"2017-07-07T14:54:20","guid":{"rendered":"http:\/\/www2.unsa.edu.pe\/escuelas\/ciecomunicacion\/?page_id=1067"},"modified":"2025-06-19T13:39:03","modified_gmt":"2025-06-19T18:39:03","slug":"perfil-del-egresado-especialidad-de-periodismo","status":"publish","type":"page","link":"https:\/\/fpsrriicc.unsa.edu.pe\/ciecomunicacion\/perfil-del-egresado-especialidad-de-periodismo\/","title":{"rendered":"Perfil de Ingreso &#8211; Programa  de Periodismo"},"content":{"rendered":"<p>El estudiante que ingresa a la Escuela Profesional de Ciencias de la Comunicaci\u00f3n para el Programa de Periodismo deber\u00e1 poseer:<\/p>\n<ul>\n<li>Aplica el pensamiento l\u00f3gico-racional utilizando operaciones matem\u00e1ticas b\u00e1sicas.<\/li>\n<li>Tiene dominio de la comprensi\u00f3n lectora.<\/li>\n<li>Considera el uso correcto de la gram\u00e1tica, sintaxis y ortograf\u00eda. Tiene conocimientos del discurso oral y lenguaje audiovisual.<\/li>\n<li>Comprende, analiza y eval\u00faa informaci\u00f3n obtenida de textos escritos, tomando en consideraci\u00f3n el contexto o situaci\u00f3n en los que fueron producidos.<\/li>\n<li>Todas estas caracter\u00edsticas est\u00e1n alineadas con el perfil de egreso y fueron revisadas en conjunto a los Grupos de inter\u00e9s.<\/li>\n<\/ul>\n","protected":false},"excerpt":{"rendered":"<p>El estudiante que ingresa a la Escuela Profesional de Ciencias de la Comunicaci\u00f3n para el Programa de Periodismo deber\u00e1 poseer: Aplica el pensamiento l\u00f3gico-racional utilizando operaciones matem\u00e1ticas b\u00e1sicas. Tiene dominio de la comprensi\u00f3n lectora. Considera el uso correcto de la gram\u00e1tica, sintaxis y ortograf\u00eda. Tiene conocimientos del discurso oral y lenguaje audiovisual. Comprende, analiza y [&hellip;]<\/p>\n","protected":false},"author":1,"featured_media":1626,"parent":0,"menu_order":0,"comment_status":"closed","ping_status":"closed","template":"","meta":{"_acf_changed":false,"footnotes":""},"class_list":["post-1067","page","type-page","status-publish","has-post-thumbnail","hentry"],"acf":[],"_links":{"self":[{"href":"https:\/\/fpsrriicc.unsa.edu.pe\/ciecomunicacion\/wp-json\/wp\/v2\/pages\/1067","targetHints":{"allow":["GET"]}}],"collection":[{"href":"https:\/\/fpsrriicc.unsa.edu.pe\/ciecomunicacion\/wp-json\/wp\/v2\/pages"}],"about":[{"href":"https:\/\/fpsrriicc.unsa.edu.pe\/ciecomunicacion\/wp-json\/wp\/v2\/types\/page"}],"author":[{"embeddable":true,"href":"https:\/\/fpsrriicc.unsa.edu.pe\/ciecomunicacion\/wp-json\/wp\/v2\/users\/1"}],"replies":[{"embeddable":true,"href":"https:\/\/fpsrriicc.unsa.edu.pe\/ciecomunicacion\/wp-json\/wp\/v2\/comments?post=1067"}],"version-history":[{"count":16,"href":"https:\/\/fpsrriicc.unsa.edu.pe\/ciecomunicacion\/wp-json\/wp\/v2\/pages\/1067\/revisions"}],"predecessor-version":[{"id":2062,"href":"https:\/\/fpsrriicc.unsa.edu.pe\/ciecomunicacion\/wp-json\/wp\/v2\/pages\/1067\/revisions\/2062"}],"wp:featuredmedia":[{"embeddable":true,"href":"https:\/\/fpsrriicc.unsa.edu.pe\/ciecomunicacion\/wp-json\/wp\/v2\/media\/1626"}],"wp:attachment":[{"href":"https:\/\/fpsrriicc.unsa.edu.pe\/ciecomunicacion\/wp-json\/wp\/v2\/media?parent=1067"}],"curies":[{"name":"wp","href":"https:\/\/api.w.org\/{rel}","templated":true}]}}